{"id":465,"date":"2021-01-11T12:37:09","date_gmt":"2021-01-11T09:37:09","guid":{"rendered":"https:\/\/standartlarzirvesi.org\/2022\/?page_id=465"},"modified":"2022-01-11T18:33:10","modified_gmt":"2022-01-11T15:33:10","slug":"oturum-1-bulut-teknolojileri-ve-guvenligi","status":"publish","type":"page","link":"https:\/\/standartlarzirvesi.org\/2022\/oturumlar\/oturum-1-bulut-teknolojileri-ve-guvenligi","title":{"rendered":"Oturum 1: Bulut Teknolojileri ve G\u00fcvenli\u011fi"},"content":{"rendered":"<h3><strong>OTURUM-1: BULUT TEKNOLOJ\u0130LER\u0130 ve G\u00dcVENL\u0130\u011e\u0130<\/strong><\/h3>\n<p>Pandemi ile birlikte dijital teknolojilerin kullan\u0131m\u0131 artm\u0131\u015f ve dijital d\u00f6n\u00fc\u015f\u00fcm ivme kazanm\u0131\u015ft\u0131r. Bu s\u00fcre\u00e7te a\u00e7\u0131k \u00f6zel ve melez yap\u0131da olmak \u00fczere bulut teknolojilerinin kullan\u0131m\u0131 yayg\u0131nla\u015fm\u0131\u015ft\u0131r. Bulut teknolojilerinin yayg\u0131n olarak kullan\u0131lmas\u0131 yeni g\u00fcvenlik risklerinin g\u00f6z \u00f6n\u00fcnde bulundurmas\u0131n\u0131 gerektirmektedir. \u00d6zellikle u\u00e7 kullan\u0131c\u0131 g\u00fcvenli\u011fi, \u00e7ok fakt\u00f6rl\u00fc do\u011frulama ve s\u0131f\u0131r g\u00fcven gibi kavramlar\u0131 \u00f6n plana \u00e7\u0131km\u0131\u015ft\u0131r. Bu oturumda u\u00e7 bulut dahil olmak \u00fczere bulut teknolojilerinin kullan\u0131m\u0131 ve yarataca\u011f\u0131 ek riskler g\u00fcvenlik boyutuyla tart\u0131\u015f\u0131lacak ve bu konuda yol haritas\u0131 \u00e7\u0131kart\u0131lmas\u0131na katk\u0131 sa\u011flanacakt\u0131r.<\/p>\n","protected":false},"excerpt":{"rendered":"<p>OTURUM-1: BULUT TEKNOLOJ\u0130LER\u0130 ve G\u00dcVENL\u0130\u011e\u0130 Pandemi ile birlikte dijital teknolojilerin kullan\u0131m\u0131 artm\u0131\u015f ve dijital d\u00f6n\u00fc\u015f\u00fcm ivme kazanm\u0131\u015ft\u0131r. Bu s\u00fcre\u00e7te a\u00e7\u0131k \u00f6zel ve melez yap\u0131da olmak \u00fczere<span class=\"excerpt-hellip\"> [\u2026]<\/span><\/p>\n","protected":false},"author":1,"featured_media":0,"parent":455,"menu_order":0,"comment_status":"closed","ping_status":"closed","template":"","meta":{"rs_blank_template":"","rs_page_bg_color":"","slide_template_v7":"","footnotes":""},"class_list":["post-465","page","type-page","status-publish","hentry"],"_links":{"self":[{"href":"https:\/\/standartlarzirvesi.org\/2022\/wp-json\/wp\/v2\/pages\/465","targetHints":{"allow":["GET"]}}],"collection":[{"href":"https:\/\/standartlarzirvesi.org\/2022\/wp-json\/wp\/v2\/pages"}],"about":[{"href":"https:\/\/standartlarzirvesi.org\/2022\/wp-json\/wp\/v2\/types\/page"}],"author":[{"embeddable":true,"href":"https:\/\/standartlarzirvesi.org\/2022\/wp-json\/wp\/v2\/users\/1"}],"replies":[{"embeddable":true,"href":"https:\/\/standartlarzirvesi.org\/2022\/wp-json\/wp\/v2\/comments?post=465"}],"version-history":[{"count":10,"href":"https:\/\/standartlarzirvesi.org\/2022\/wp-json\/wp\/v2\/pages\/465\/revisions"}],"predecessor-version":[{"id":724,"href":"https:\/\/standartlarzirvesi.org\/2022\/wp-json\/wp\/v2\/pages\/465\/revisions\/724"}],"up":[{"embeddable":true,"href":"https:\/\/standartlarzirvesi.org\/2022\/wp-json\/wp\/v2\/pages\/455"}],"wp:attachment":[{"href":"https:\/\/standartlarzirvesi.org\/2022\/wp-json\/wp\/v2\/media?parent=465"}],"curies":[{"name":"wp","href":"https:\/\/api.w.org\/{rel}","templated":true}]}}